CRAN Package Check Results for Package optim.functions

Last updated on 2024-03-01 19:49:06 CET.

Flavor Version Tinstall Tcheck Ttotal Status Flags
r-devel-linux-x86_64-debian-clang 0.1 1.82 23.68 25.50 NOTE
r-devel-linux-x86_64-debian-gcc 0.1 2.20 18.55 20.75 NOTE
r-devel-linux-x86_64-fedora-clang 0.1 33.73 NOTE
r-devel-linux-x86_64-fedora-gcc 0.1 31.42 NOTE
r-devel-windows-x86_64 0.1 4.00 46.00 50.00 NOTE
r-patched-linux-x86_64 0.1 3.12 23.07 26.19 NOTE
r-release-linux-x86_64 0.1 2.86 23.43 26.29 NOTE
r-release-macos-arm64 0.1 19.00 NOTE
r-release-macos-x86_64 0.1 20.00 NOTE
r-release-windows-x86_64 0.1 5.00 43.00 48.00 NOTE
r-oldrel-macos-arm64 0.1 16.00 NOTE
r-oldrel-windows-x86_64 0.1 4.00 48.00 52.00 NOTE

Check Details

Version: 0.1
Check: LazyData
Result: NOTE 'LazyData' is specified without a 'data' directory Flavors: r-devel-linux-x86_64-debian-clang, r-devel-linux-x86_64-debian-gcc, r-devel-linux-x86_64-fedora-clang, r-devel-linux-x86_64-fedora-gcc, r-devel-windows-x86_64, r-patched-linux-x86_64, r-release-linux-x86_64, r-release-macos-arm64, r-release-macos-x86_64, r-release-windows-x86_64, r-oldrel-macos-arm64, r-oldrel-windows-x86_64