CRAN Package Check Results for Package optpart

Last updated on 2021-11-29 19:51:37 CET.

Flavor Version Tinstall Tcheck Ttotal Status Flags
r-devel-linux-x86_64-debian-clang 3.0-3 12.67 93.53 106.20 OK
r-devel-linux-x86_64-debian-gcc 3.0-3 10.49 71.95 82.44 OK
r-devel-linux-x86_64-fedora-clang 3.0-3 139.27 NOTE
r-devel-linux-x86_64-fedora-gcc 3.0-3 128.11 NOTE
r-devel-windows-x86_64-new-UL 3.0-3 31.00 146.00 177.00 OK
r-devel-windows-x86_64-new-TK 3.0-3 OK
r-devel-windows-x86_64-old 3.0-3 22.00 91.00 113.00 OK
r-patched-linux-x86_64 3.0-3 13.60 90.86 104.46 OK
r-patched-solaris-x86 3.0-3 195.10 OK
r-release-linux-x86_64 3.0-3 12.07 93.40 105.47 OK
r-release-macos-arm64 3.0-3 OK
r-release-macos-x86_64 3.0-3 OK
r-release-windows-ix86+x86_64 3.0-3 33.00 137.00 170.00 OK
r-oldrel-macos-x86_64 3.0-3 OK
r-oldrel-windows-ix86+x86_64 3.0-3 25.00 174.00 199.00 OK

Check Details

Version: 3.0-3
Check: Rd cross-references
Result: NOTE
    Undeclared package ‘vegan’ in Rd xrefs
Flavor: r-devel-linux-x86_64-fedora-clang

Version: 3.0-3
Check: compiled code
Result: NOTE
    File ‘optpart/libs/optpart.so’:
     Found no calls to: ‘R_registerRoutines’, ‘R_useDynamicSymbols’
    
    It is good practice to register native routines and to disable symbol
    search.
    
    See ‘Writing portable packages’ in the ‘Writing R Extensions’ manual.
Flavors: r-devel-linux-x86_64-fedora-clang, r-devel-linux-x86_64-fedora-gcc