CRAN Package Check Results for Package optrcdmaeAT

Last updated on 2021-11-29 19:51:37 CET.

Flavor Version Tinstall Tcheck Ttotal Status Flags
r-devel-linux-x86_64-debian-clang 1.0.0 12.64 75.41 88.05 NOTE
r-devel-linux-x86_64-debian-gcc 1.0.0 9.01 58.80 67.81 NOTE
r-devel-linux-x86_64-fedora-clang 1.0.0 117.64 NOTE
r-devel-linux-x86_64-fedora-gcc 1.0.0 107.98 NOTE
r-devel-windows-x86_64-new-UL 1.0.0 17.00 119.00 136.00 OK
r-devel-windows-x86_64-new-TK 1.0.0 OK
r-devel-windows-x86_64-old 1.0.0 15.00 65.00 80.00 OK
r-patched-linux-x86_64 1.0.0 15.40 73.74 89.14 NOTE
r-patched-solaris-x86 1.0.0 151.60 NOTE
r-release-linux-x86_64 1.0.0 9.59 73.56 83.15 NOTE
r-release-macos-arm64 1.0.0 OK
r-release-macos-x86_64 1.0.0 OK
r-release-windows-ix86+x86_64 1.0.0 22.00 64.00 86.00 OK
r-oldrel-macos-x86_64 1.0.0 OK
r-oldrel-windows-ix86+x86_64 1.0.0 12.00 94.00 106.00 OK

Check Details

Version: 1.0.0
Check: for non-standard things in the check directory
Result: NOTE
    Found the following files/directories:
     'Graph_layout_Doptrcd_trtE'
Flavors: r-devel-linux-x86_64-debian-clang, r-devel-linux-x86_64-debian-gcc, r-devel-linux-x86_64-fedora-clang, r-devel-linux-x86_64-fedora-gcc, r-patched-linux-x86_64, r-patched-solaris-x86, r-release-linux-x86_64