CRAN Package Check Results for Package ordinalClust

Last updated on 2021-12-07 19:49:52 CET.

Flavor Version Tinstall Tcheck Ttotal Status Flags
r-devel-linux-x86_64-debian-clang 1.3.5 167.00 69.58 236.58 OK
r-devel-linux-x86_64-debian-gcc 1.3.5 143.13 56.52 199.65 OK
r-devel-linux-x86_64-fedora-clang 1.3.5 380.30 NOTE
r-devel-linux-x86_64-fedora-gcc 1.3.5 337.96 OK
r-devel-windows-x86_64-new-UL 1.3.5 229.00 156.00 385.00 OK
r-devel-windows-x86_64-new-TK 1.3.5 OK
r-devel-windows-x86_64-old 1.3.5 223.00 84.00 307.00 OK
r-patched-linux-x86_64 1.3.5 155.09 68.47 223.56 OK
r-release-linux-x86_64 1.3.5 160.70 68.51 229.21 OK
r-release-macos-arm64 1.3.5 NOTE
r-release-macos-x86_64 1.3.5 NOTE
r-release-windows-ix86+x86_64 1.3.5 317.00 131.00 448.00 OK
r-oldrel-macos-x86_64 1.3.5 NOTE
r-oldrel-windows-ix86+x86_64 1.3.5 452.00 120.00 572.00 OK

Check Details

Version: 1.3.5
Check: installed package size
Result: NOTE
     installed size is 8.6Mb
     sub-directories of 1Mb or more:
     libs 8.3Mb
Flavors: r-devel-linux-x86_64-fedora-clang, r-release-macos-arm64, r-release-macos-x86_64, r-oldrel-macos-x86_64