CRAN Package Check Results for Package osqp

Last updated on 2022-09-30 21:49:03 CEST.

Flavor Version Tinstall Tcheck Ttotal Status Flags
r-devel-linux-x86_64-debian-clang 0.6.0.6 38.52 73.40 111.92 WARN
r-devel-linux-x86_64-debian-gcc 0.6.0.5 27.24 56.41 83.65 OK
r-devel-linux-x86_64-fedora-clang 0.6.0.6 171.53 WARN
r-devel-linux-x86_64-fedora-gcc 0.6.0.6 163.94 OK
r-devel-windows-x86_64 0.6.0.5 230.00 116.00 346.00 OK
r-patched-linux-x86_64 0.6.0.5 34.69 70.35 105.04 OK
r-release-linux-x86_64 0.6.0.5 32.91 70.34 103.25 OK
r-release-macos-arm64 0.6.0.6 42.00 OK
r-release-macos-x86_64 0.6.0.5 58.00 OK
r-release-windows-x86_64 0.6.0.5 145.00 113.00 258.00 OK
r-oldrel-macos-arm64 0.6.0.6 40.00 OK
r-oldrel-macos-x86_64 0.6.0.5 54.00 OK
r-oldrel-windows-ix86+x86_64 0.6.0.5 108.00 130.00 238.00 OK

Additional issues

clang14

Check Details

Version: 0.6.0.6
Check: whether package can be installed
Result: WARN
    Found the following significant warnings:
     osqp_solve_interface.cpp:200:7: warning: use of bitwise '&' with boolean operands [-Wbitwise-instead-of-logical]
     osqp_solve_interface.cpp:203:7: warning: use of bitwise '&' with boolean operands [-Wbitwise-instead-of-logical]
     osqp_solve_interface.cpp:206:7: warning: use of bitwise '&' with boolean operands [-Wbitwise-instead-of-logical]
     osqp_solve_interface.cpp:230:7: warning: use of bitwise '&' with boolean operands [-Wbitwise-instead-of-logical]
     osqp_solve_interface.cpp:238:7: warning: use of bitwise '&' with boolean operands [-Wbitwise-instead-of-logical]
     osqp_solve_interface.cpp:245:7: warning: use of bitwise '&' with boolean operands [-Wbitwise-instead-of-logical]
Flavors: r-devel-linux-x86_64-debian-clang, r-devel-linux-x86_64-fedora-clang