CRAN Package Check Results for Package otsfeatures

Last updated on 2025-01-25 19:48:52 CET.

Flavor Version Tinstall Tcheck Ttotal Status Flags
r-devel-linux-x86_64-debian-clang 1.0.0 4.68 30.98 35.66 OK
r-devel-linux-x86_64-debian-gcc 1.0.0 3.55 23.23 26.78 OK
r-devel-linux-x86_64-fedora-clang 1.0.0 62.18 NOTE
r-devel-linux-x86_64-fedora-gcc 1.0.0 54.61 NOTE
r-devel-windows-x86_64 1.0.0 7.00 57.00 64.00 OK
r-patched-linux-x86_64 1.0.0 5.18 29.44 34.62 OK
r-release-linux-x86_64 1.0.0 4.76 28.88 33.64 OK
r-release-macos-arm64 1.0.0 22.00 OK
r-release-macos-x86_64 1.0.0 30.00 OK
r-release-windows-x86_64 1.0.0 6.00 55.00 61.00 OK
r-oldrel-macos-arm64 1.0.0 25.00 OK
r-oldrel-macos-x86_64 1.0.0 30.00 OK
r-oldrel-windows-x86_64 1.0.0 9.00 61.00 70.00 OK

Check Details

Version: 1.0.0
Check: dependencies in R code
Result: NOTE Namespaces in Imports field not imported from: ‘Rdpack’ ‘astsa’ All declared Imports should be used. Flavors: r-devel-linux-x86_64-fedora-clang, r-devel-linux-x86_64-fedora-gcc