CRAN Package Check Results for Package pRecipe

Last updated on 2021-11-29 19:51:39 CET.

Flavor Version Tinstall Tcheck Ttotal Status Flags
r-devel-linux-x86_64-debian-clang 0.1.1 33.33 304.27 337.60 OK
r-devel-linux-x86_64-debian-gcc 0.1.1 24.91 224.90 249.81 OK
r-devel-linux-x86_64-fedora-clang 0.1.1 406.35 NOTE
r-devel-linux-x86_64-fedora-gcc 0.1.1 398.38 NOTE
r-devel-windows-x86_64-new-UL 0.1.1 52.00 336.00 388.00 OK
r-devel-windows-x86_64-new-TK 0.1.1 NOTE
r-devel-windows-x86_64-old 0.1.1 47.00 241.00 288.00 OK
r-patched-linux-x86_64 0.1.1 28.88 289.87 318.75 OK
r-patched-solaris-x86 0.1.1 482.50 NOTE
r-release-linux-x86_64 0.1.1 26.55 293.26 319.81 OK
r-release-macos-arm64 0.1.1 NOTE
r-release-macos-x86_64 0.1.1 NOTE
r-release-windows-ix86+x86_64 0.1.1 74.00 231.00 305.00 OK
r-oldrel-macos-x86_64 0.1.1 NOTE
r-oldrel-windows-ix86+x86_64 0.1.1 50.00 273.00 323.00 OK

Check Details

Version: 0.1.1
Check: dependencies in R code
Result: NOTE
    Namespace in Imports field not imported from: ‘maps’
     All declared Imports should be used.
Flavors: r-devel-linux-x86_64-fedora-clang, r-devel-linux-x86_64-fedora-gcc, r-devel-windows-x86_64-new-TK, r-patched-solaris-x86, r-release-macos-arm64, r-release-macos-x86_64, r-oldrel-macos-x86_64