CRAN Package Check Results for Package packagetrackr

Last updated on 2021-12-05 19:49:32 CET.

Flavor Version Tinstall Tcheck Ttotal Status Flags
r-devel-linux-x86_64-debian-clang 0.1.1 3.86 47.40 51.26 NOTE
r-devel-linux-x86_64-debian-gcc 0.1.1 3.10 36.43 39.53 NOTE
r-devel-linux-x86_64-fedora-clang 0.1.1 62.19 NOTE
r-devel-linux-x86_64-fedora-gcc 0.1.1 53.41 NOTE
r-devel-windows-x86_64-new-UL 0.1.1 9.00 73.00 82.00 NOTE
r-devel-windows-x86_64-new-TK 0.1.1 NOTE
r-devel-windows-x86_64-old 0.1.1 7.00 41.00 48.00 NOTE
r-patched-linux-x86_64 0.1.1 4.02 36.19 40.21 NOTE
r-release-linux-x86_64 0.1.1 3.92 43.81 47.73 NOTE
r-release-macos-arm64 0.1.1 NOTE
r-release-macos-x86_64 0.1.1 NOTE
r-release-windows-ix86+x86_64 0.1.1 11.00 61.00 72.00 NOTE
r-oldrel-macos-x86_64 0.1.1 OK
r-oldrel-windows-ix86+x86_64 0.1.1 11.00 61.00 72.00 OK

Check Details

Version: 0.1.1
Check: LazyData
Result: NOTE
     'LazyData' is specified without a 'data' directory
Flavors: r-devel-linux-x86_64-debian-clang, r-devel-linux-x86_64-debian-gcc, r-devel-linux-x86_64-fedora-clang, r-devel-linux-x86_64-fedora-gcc, r-devel-windows-x86_64-new-UL, r-devel-windows-x86_64-new-TK, r-devel-windows-x86_64-old, r-patched-linux-x86_64, r-release-linux-x86_64, r-release-macos-arm64, r-release-macos-x86_64, r-release-windows-ix86+x86_64