CRAN Package Check Results for Package pacotest

Last updated on 2024-02-28 19:49:43 CET.

Flavor Version Tinstall Tcheck Ttotal Status Flags
r-devel-linux-x86_64-debian-clang 0.4.2 125.06 165.58 290.64 OK
r-devel-linux-x86_64-debian-gcc 0.4.2 103.04 111.72 214.76 OK
r-devel-linux-x86_64-fedora-clang 0.4.2 402.34 OK
r-devel-linux-x86_64-fedora-gcc 0.4.2 392.27 OK
r-devel-windows-x86_64 0.4.2 99.00 187.00 286.00 OK
r-patched-linux-x86_64 0.4.2 127.95 158.06 286.01 OK
r-release-linux-x86_64 0.4.2 121.55 158.47 280.02 OK
r-release-macos-arm64 0.4.2 106.00 NOTE
r-release-macos-x86_64 0.4.2 164.00 NOTE
r-release-windows-x86_64 0.4.2 122.00 196.00 318.00 OK
r-oldrel-macos-arm64 0.4.2 96.00 NOTE
r-oldrel-windows-x86_64 0.4.2 117.00 199.00 316.00 OK

Check Details

Version: 0.4.2
Check: installed package size
Result: NOTE installed size is 5.7Mb sub-directories of 1Mb or more: libs 5.5Mb Flavors: r-release-macos-arm64, r-release-macos-x86_64, r-oldrel-macos-arm64