CRAN Package Check Results for Package pacviz

Last updated on 2023-03-22 19:53:33 CET.

Flavor Version Tinstall Tcheck Ttotal Status Flags
r-devel-linux-x86_64-debian-clang 1.0.3 2.82 32.39 35.21 OK
r-devel-linux-x86_64-debian-gcc 1.0.3 2.61 25.50 28.11 OK
r-devel-linux-x86_64-fedora-clang 1.0.3 46.44 NOTE
r-devel-linux-x86_64-fedora-gcc 1.0.3 53.44 NOTE
r-patched-linux-x86_64 1.0.3 3.04 33.20 36.24 OK
r-release-linux-x86_64 1.0.3 2.62 32.69 35.31 OK
r-release-macos-arm64 1.0.3 22.00 OK
r-release-macos-x86_64 1.0.3 28.00 OK
r-release-windows-x86_64 1.0.3 13.00 64.00 77.00 OK
r-oldrel-macos-arm64 1.0.3 19.00 OK
r-oldrel-macos-x86_64 1.0.3 31.00 OK
r-oldrel-windows-ix86+x86_64 1.0.3 8.00 62.00 70.00 OK

Check Details

Version: 1.0.3
Check: dependencies in R code
Result: NOTE
    Namespace in Imports field not imported from: ‘e1071’
     All declared Imports should be used.
Flavors: r-devel-linux-x86_64-fedora-clang, r-devel-linux-x86_64-fedora-gcc