CRAN Package Check Results for Package pagoda2

Last updated on 2024-02-25 19:50:05 CET.

Flavor Version Tinstall Tcheck Ttotal Status Flags
r-devel-linux-x86_64-debian-clang 1.0.11 188.31 145.58 333.89 OK
r-devel-linux-x86_64-debian-gcc 1.0.11 138.18 107.09 245.27 OK
r-devel-windows-x86_64 1.0.11 141.00 150.00 291.00 OK
r-patched-linux-x86_64 1.0.11 135.38 139.27 274.65 OK
r-release-linux-x86_64 1.0.11 127.19 137.94 265.13 OK
r-release-macos-arm64 1.0.11 94.00 NOTE
r-release-macos-x86_64 1.0.11 164.00 NOTE
r-release-windows-x86_64 1.0.11 179.00 183.00 362.00 OK
r-oldrel-macos-arm64 1.0.11 91.00 NOTE
r-oldrel-windows-x86_64 1.0.11 176.00 158.00 334.00 OK

Check Details

Version: 1.0.11
Check: package dependencies
Result: NOTE Package suggested but not available for checking: ‘scde’ Flavor: r-release-macos-arm64

Version: 1.0.11
Check: installed package size
Result: NOTE installed size is 6.8Mb sub-directories of 1Mb or more: libs 5.0Mb Flavors: r-release-macos-arm64, r-release-macos-x86_64, r-oldrel-macos-arm64

Version: 1.0.11
Check: package dependencies
Result: NOTE Packages suggested but not available for checking: 'org.Dr.eg.db', 'org.Mm.eg.db', 'scde' Flavor: r-release-macos-x86_64

Version: 1.0.11
Check: package dependencies
Result: NOTE Packages suggested but not available for checking: 'org.Dr.eg.db', 'scde' Flavor: r-oldrel-macos-arm64