CRAN Package Check Results for Package paleoTS

Last updated on 2022-05-26 21:50:13 CEST.

Flavor Version Tinstall Tcheck Ttotal Status Flags
r-devel-linux-x86_64-debian-clang 0.5.2 4.34 68.59 72.93 OK
r-devel-linux-x86_64-debian-gcc 0.5.2 5.23 56.60 61.83 OK
r-devel-linux-x86_64-fedora-clang 0.5.2 89.24 NOTE
r-devel-linux-x86_64-fedora-gcc 0.5.2 76.98 NOTE
r-devel-windows-x86_64 0.5.2 32.00 83.00 115.00 OK
r-patched-linux-x86_64 0.5.2 7.43 65.84 73.27 OK
r-release-linux-x86_64 0.5.2 6.26 64.38 70.64 OK
r-release-macos-arm64 0.5.2 27.00 NOTE
r-release-macos-x86_64 0.5.2 36.00 NOTE
r-release-windows-x86_64 0.5.2 30.00 128.00 158.00 OK
r-oldrel-macos-arm64 0.5.2 33.00 NOTE
r-oldrel-macos-x86_64 0.5.2 46.00 NOTE
r-oldrel-windows-ix86+x86_64 0.5.2 11.00 81.00 92.00 OK

Check Details

Version: 0.5.2
Check: dependencies in R code
Result: NOTE
    Namespace in Imports field not imported from: ‘iterators’
     All declared Imports should be used.
Flavors: r-devel-linux-x86_64-fedora-clang, r-devel-linux-x86_64-fedora-gcc, r-release-macos-arm64, r-release-macos-x86_64, r-oldrel-macos-arm64, r-oldrel-macos-x86_64