Last updated on 2022-05-20 21:52:58 CEST.
Flavor | Version | Tinstall | Tcheck | Ttotal | Status | Flags |
---|---|---|---|---|---|---|
r-devel-linux-x86_64-debian-clang | 0.7.0 | 28.39 | 266.31 | 294.70 | NOTE | |
r-devel-linux-x86_64-debian-gcc | 0.7.0 | 23.35 | 195.63 | 218.98 | NOTE | |
r-devel-linux-x86_64-fedora-clang | 0.7.0 | 340.62 | NOTE | |||
r-devel-linux-x86_64-fedora-gcc | 0.7.0 | 341.20 | NOTE | |||
r-devel-windows-x86_64 | 0.7.0 | 63.00 | 249.00 | 312.00 | NOTE | |
r-patched-linux-x86_64 | 0.7.0 | 28.33 | 254.05 | 282.38 | NOTE | |
r-release-linux-x86_64 | 0.7.0 | 30.04 | 258.90 | 288.94 | NOTE | |
r-release-macos-arm64 | 0.7.0 | 71.00 | NOTE | |||
r-release-macos-x86_64 | 0.7.0 | 106.00 | NOTE | |||
r-release-windows-x86_64 | 0.7.0 | 82.00 | 255.00 | 337.00 | NOTE | |
r-oldrel-macos-arm64 | 0.7.0 | 45.00 | NOTE | |||
r-oldrel-macos-x86_64 | 0.7.0 | 72.00 | NOTE | |||
r-oldrel-windows-ix86+x86_64 | 0.7.0 | 62.00 | 252.00 | 314.00 | NOTE |
Version: 0.7.0
Check: LazyData
Result: NOTE
'LazyData' is specified without a 'data' directory
Flavors: r-devel-linux-x86_64-debian-clang, r-devel-linux-x86_64-debian-gcc, r-devel-linux-x86_64-fedora-clang, r-devel-linux-x86_64-fedora-gcc, r-devel-windows-x86_64, r-patched-linux-x86_64, r-release-linux-x86_64, r-release-macos-arm64, r-release-macos-x86_64, r-release-windows-x86_64, r-oldrel-macos-arm64, r-oldrel-macos-x86_64, r-oldrel-windows-ix86+x86_64