CRAN Package Check Results for Package paleopop

Last updated on 2021-11-28 19:48:59 CET.

Flavor Version Tinstall Tcheck Ttotal Status Flags
r-devel-linux-x86_64-debian-clang 2.1.2 OK
r-devel-linux-x86_64-debian-gcc 2.1.2 13.81 405.67 419.48 OK
r-devel-linux-x86_64-fedora-clang 2.1.2 652.96 NOTE
r-devel-linux-x86_64-fedora-gcc 2.1.2 660.66 OK
r-devel-windows-x86_64-new-UL 2.1.2 30.00 485.00 515.00 OK
r-devel-windows-x86_64-new-TK 2.1.2 OK
r-devel-windows-x86_64-old 2.1.2 23.00 525.00 548.00 OK
r-patched-linux-x86_64 2.1.2 20.48 514.68 535.16 OK
r-patched-solaris-x86 2.1.2 1454.00 OK
r-release-linux-x86_64 2.1.2 16.96 504.73 521.69 OK
r-release-macos-arm64 2.1.2 OK
r-release-macos-x86_64 2.1.2 OK
r-release-windows-ix86+x86_64 2.1.2 30.00 375.00 405.00 OK
r-oldrel-macos-x86_64 2.1.2 OK
r-oldrel-windows-ix86+x86_64 2.1.2 32.00 497.00 529.00 OK

Check Details

Version: 2.1.2
Check: Rd cross-references
Result: NOTE
    Undeclared package ‘trend’ in Rd xrefs
Flavor: r-devel-linux-x86_64-fedora-clang