CRAN Package Check Results for Package papci

Last updated on 2021-12-01 19:51:43 CET.

Flavor Version Tinstall Tcheck Ttotal Status Flags
r-devel-linux-x86_64-debian-clang 0.1.0 14.91 120.18 135.09 OK
r-devel-linux-x86_64-debian-gcc 0.1.0 12.90 93.54 106.44 OK
r-devel-linux-x86_64-fedora-clang 0.1.0 173.81 NOTE
r-devel-linux-x86_64-fedora-gcc 0.1.0 160.57 NOTE
r-devel-windows-x86_64-new-UL 0.1.0 26.00 160.00 186.00 OK
r-devel-windows-x86_64-new-TK 0.1.0 NOTE
r-devel-windows-x86_64-old 0.1.0 25.00 103.00 128.00 OK
r-patched-linux-x86_64 0.1.0 19.64 112.27 131.91 OK
r-patched-solaris-x86 0.1.0 236.40 NOTE
r-release-linux-x86_64 0.1.0 14.22 112.59 126.81 OK
r-release-macos-arm64 0.1.0 NOTE
r-release-macos-x86_64 0.1.0 NOTE
r-release-windows-ix86+x86_64 0.1.0 37.00 101.00 138.00 OK
r-oldrel-macos-x86_64 0.1.0 NOTE
r-oldrel-windows-ix86+x86_64 0.1.0 26.00 126.00 152.00 OK

Check Details

Version: 0.1.0
Check: dependencies in R code
Result: NOTE
    Namespace in Imports field not imported from: ‘DT’
     All declared Imports should be used.
Flavors: r-devel-linux-x86_64-fedora-clang, r-devel-linux-x86_64-fedora-gcc, r-devel-windows-x86_64-new-TK, r-patched-solaris-x86, r-release-macos-arm64, r-release-macos-x86_64, r-oldrel-macos-x86_64