Last updated on 2022-05-27 21:51:28 CEST.
Flavor | Version | Tinstall | Tcheck | Ttotal | Status | Flags |
---|---|---|---|---|---|---|
r-devel-linux-x86_64-debian-clang | 2.7.6 | 10.61 | 228.02 | 238.63 | NOTE | |
r-devel-linux-x86_64-debian-gcc | 2.7.6 | 8.93 | 169.78 | 178.71 | NOTE | |
r-devel-linux-x86_64-fedora-clang | 2.7.6 | 278.21 | NOTE | |||
r-devel-linux-x86_64-fedora-gcc | 2.7.6 | 278.67 | NOTE | |||
r-devel-windows-x86_64 | 2.7.6 | 28.00 | 293.00 | 321.00 | OK | |
r-patched-linux-x86_64 | 2.7.6 | 11.61 | 222.19 | 233.80 | NOTE | |
r-release-linux-x86_64 | 2.7.6 | 7.92 | 223.95 | 231.87 | NOTE | |
r-release-macos-arm64 | 2.7.6 | 74.00 | OK | |||
r-release-macos-x86_64 | 2.7.6 | 103.00 | OK | |||
r-release-windows-x86_64 | 2.7.6 | 24.00 | 275.00 | 299.00 | OK | |
r-oldrel-macos-arm64 | 2.7.6 | 76.00 | OK | |||
r-oldrel-macos-x86_64 | 2.7.6 | 132.00 | OK | |||
r-oldrel-windows-ix86+x86_64 | 2.7.6 | 25.00 | 262.00 | 287.00 | OK |
Version: 2.7.6
Check: for non-standard things in the check directory
Result: NOTE
Found the following files/directories:
'NUL'
Flavors: r-devel-linux-x86_64-debian-clang, r-devel-linux-x86_64-debian-gcc, r-devel-linux-x86_64-fedora-clang, r-devel-linux-x86_64-fedora-gcc, r-patched-linux-x86_64, r-release-linux-x86_64