CRAN Package Check Results for Package paropt

Last updated on 2024-03-04 19:54:19 CET.

Flavor Version Tinstall Tcheck Ttotal Status Flags
r-devel-linux-x86_64-debian-clang 0.3.3 104.75 69.08 173.83 OK
r-devel-linux-x86_64-debian-gcc 0.3.3 79.63 49.38 129.01 OK
r-devel-linux-x86_64-fedora-clang 0.3.3 239.58 OK
r-devel-linux-x86_64-fedora-gcc 0.3.3 249.57 OK
r-devel-windows-x86_64 0.3.3 82.00 100.00 182.00 OK
r-patched-linux-x86_64 0.3.3 103.05 65.77 168.82 OK
r-release-linux-x86_64 0.3.3 99.77 64.99 164.76 OK
r-release-macos-arm64 0.3.3 68.00 NOTE
r-release-macos-x86_64 0.3.3 95.00 NOTE
r-release-windows-x86_64 0.3.3 105.00 111.00 216.00 OK
r-oldrel-macos-arm64 0.3.3 53.00 NOTE
r-oldrel-windows-x86_64 0.3.3 98.00 108.00 206.00 OK

Check Details

Version: 0.3.3
Check: installed package size
Result: NOTE installed size is 5.7Mb sub-directories of 1Mb or more: libs 4.2Mb Flavors: r-release-macos-arm64, r-release-macos-x86_64, r-oldrel-macos-arm64