Last updated on 2023-02-07 19:58:17 CET.
Flavor | Version | Tinstall | Tcheck | Ttotal | Status | Flags |
---|---|---|---|---|---|---|
r-devel-linux-x86_64-debian-clang | 0.1.2 | 52.71 | 68.23 | 120.94 | NOTE | |
r-devel-linux-x86_64-debian-gcc | 0.1.2 | 37.37 | 51.31 | 88.68 | NOTE | |
r-devel-linux-x86_64-fedora-clang | 0.1.2 | 156.97 | NOTE | |||
r-devel-linux-x86_64-fedora-gcc | 0.1.2 | 166.34 | NOTE | |||
r-devel-windows-x86_64 | 0.1.2 | 168.00 | 119.00 | 287.00 | NOTE | |
r-patched-linux-x86_64 | 0.1.2 | 33.33 | 64.62 | 97.95 | OK | |
r-release-linux-x86_64 | 0.1.2 | 42.29 | 62.48 | 104.77 | OK | |
r-release-macos-arm64 | 0.1.2 | 43.00 | NOTE | |||
r-release-macos-x86_64 | 0.1.2 | 97.00 | NOTE | |||
r-release-windows-x86_64 | 0.1.2 | 200.00 | 125.00 | 325.00 | OK | |
r-oldrel-macos-arm64 | 0.1.2 | 68.00 | NOTE | |||
r-oldrel-macos-x86_64 | 0.1.2 | 93.00 | NOTE | |||
r-oldrel-windows-ix86+x86_64 | 0.1.2 | 112.00 | 145.00 | 257.00 | OK |
Version: 0.1.2
Check: C++ specification
Result: NOTE
Specified C++14: please update to current default of C++17
Flavors: r-devel-linux-x86_64-debian-clang, r-devel-linux-x86_64-debian-gcc, r-devel-linux-x86_64-fedora-clang, r-devel-windows-x86_64
Version: 0.1.2
Check: C++ specification
Result: NOTE
Specified C++14: please drop specification unless essential
Flavor: r-devel-linux-x86_64-fedora-gcc
Version: 0.1.2
Check: installed package size
Result: NOTE
installed size is 8.1Mb
sub-directories of 1Mb or more:
libs 7.7Mb
Flavors: r-release-macos-arm64, r-release-macos-x86_64, r-oldrel-macos-arm64, r-oldrel-macos-x86_64