CRAN Package Check Results for Package particles

Last updated on 2021-12-03 19:50:20 CET.

Flavor Version Tinstall Tcheck Ttotal Status Flags
r-devel-linux-x86_64-debian-clang 0.2.2 49.11 115.86 164.97 NOTE
r-devel-linux-x86_64-debian-gcc 0.2.2 35.84 85.92 121.76 NOTE
r-devel-linux-x86_64-fedora-clang 0.2.2 229.30 NOTE
r-devel-linux-x86_64-fedora-gcc 0.2.2 202.69 NOTE
r-devel-windows-x86_64-new-UL 0.2.2 75.00 183.00 258.00 NOTE
r-devel-windows-x86_64-new-TK 0.2.2 NOTE
r-devel-windows-x86_64-old 0.2.2 68.00 111.00 179.00 NOTE
r-patched-linux-x86_64 0.2.2 47.57 105.99 153.56 NOTE
r-release-linux-x86_64 0.2.2 41.05 106.77 147.82 NOTE
r-release-macos-arm64 0.2.2 NOTE
r-release-macos-x86_64 0.2.2 NOTE
r-release-windows-ix86+x86_64 0.2.2 128.00 186.00 314.00 NOTE
r-oldrel-macos-x86_64 0.2.2 NOTE
r-oldrel-windows-ix86+x86_64 0.2.2 122.00 182.00 304.00 OK

Check Details

Version: 0.2.2
Check: LazyData
Result: NOTE
     'LazyData' is specified without a 'data' directory
Flavors: r-devel-linux-x86_64-debian-clang, r-devel-linux-x86_64-debian-gcc, r-devel-linux-x86_64-fedora-clang, r-devel-linux-x86_64-fedora-gcc, r-devel-windows-x86_64-new-UL, r-devel-windows-x86_64-new-TK, r-devel-windows-x86_64-old, r-patched-linux-x86_64, r-release-linux-x86_64, r-release-macos-arm64, r-release-macos-x86_64, r-release-windows-ix86+x86_64

Version: 0.2.2
Check: dependencies in R code
Result: NOTE
    Namespace in Imports field not imported from: ‘dplyr’
     All declared Imports should be used.
Flavors: r-devel-linux-x86_64-fedora-clang, r-devel-linux-x86_64-fedora-gcc, r-devel-windows-x86_64-new-TK, r-release-macos-arm64, r-release-macos-x86_64, r-oldrel-macos-x86_64