CRAN Package Check Results for Package particles

Last updated on 2024-02-25 19:50:05 CET.

Flavor Version Tinstall Tcheck Ttotal Status Flags
r-devel-linux-x86_64-debian-clang 0.2.3 24.81 131.92 156.73 NOTE
r-devel-linux-x86_64-debian-gcc 0.2.3 20.47 101.32 121.79 NOTE
r-devel-linux-x86_64-fedora-clang 0.2.3 198.47 NOTE
r-devel-linux-x86_64-fedora-gcc 0.2.3 204.78 NOTE
r-devel-windows-x86_64 0.2.3 22.00 114.00 136.00 NOTE
r-patched-linux-x86_64 0.2.3 21.04 128.56 149.60 NOTE
r-release-linux-x86_64 0.2.3 17.40 129.50 146.90 NOTE
r-release-macos-arm64 0.2.3 57.00 NOTE
r-release-macos-x86_64 0.2.3 92.00 NOTE
r-release-windows-x86_64 0.2.3 30.00 141.00 171.00 NOTE
r-oldrel-macos-arm64 0.2.3 53.00 OK
r-oldrel-windows-x86_64 0.2.3 29.00 144.00 173.00 OK

Check Details

Version: 0.2.3
Check: C++ specification
Result: NOTE Specified C++11: please drop specification unless essential Flavors: r-devel-linux-x86_64-debian-clang, r-devel-linux-x86_64-debian-gcc, r-devel-linux-x86_64-fedora-clang, r-devel-linux-x86_64-fedora-gcc, r-devel-windows-x86_64, r-patched-linux-x86_64, r-release-linux-x86_64, r-release-macos-arm64, r-release-macos-x86_64, r-release-windows-x86_64