CRAN Package Check Results for Package patchwork

Last updated on 2021-11-30 19:51:31 CET.

Flavor Version Tinstall Tcheck Ttotal Status Flags
r-devel-linux-x86_64-debian-clang 1.1.1 6.96 125.54 132.50 NOTE
r-devel-linux-x86_64-debian-gcc 1.1.1 6.18 88.62 94.80 NOTE
r-devel-linux-x86_64-fedora-clang 1.1.1 158.07 NOTE
r-devel-linux-x86_64-fedora-gcc 1.1.1 147.18 NOTE
r-devel-windows-x86_64-new-UL 1.1.1 19.00 165.00 184.00 NOTE
r-devel-windows-x86_64-new-TK 1.1.1 NOTE
r-devel-windows-x86_64-old 1.1.1 13.00 111.00 124.00 NOTE
r-patched-linux-x86_64 1.1.1 7.06 107.77 114.83 NOTE
r-patched-solaris-x86 1.1.1 154.80 NOTE
r-release-linux-x86_64 1.1.1 6.42 108.16 114.58 NOTE
r-release-macos-arm64 1.1.1 NOTE
r-release-macos-x86_64 1.1.1 NOTE
r-release-windows-ix86+x86_64 1.1.1 17.00 96.00 113.00 NOTE
r-oldrel-macos-x86_64 1.1.1 OK
r-oldrel-windows-ix86+x86_64 1.1.1 14.00 97.00 111.00 OK

Check Details

Version: 1.1.1
Check: LazyData
Result: NOTE
     'LazyData' is specified without a 'data' directory
Flavors: r-devel-linux-x86_64-debian-clang, r-devel-linux-x86_64-debian-gcc, r-devel-linux-x86_64-fedora-clang, r-devel-linux-x86_64-fedora-gcc, r-devel-windows-x86_64-new-UL, r-devel-windows-x86_64-new-TK, r-devel-windows-x86_64-old, r-patched-linux-x86_64, r-patched-solaris-x86, r-release-linux-x86_64, r-release-macos-arm64, r-release-macos-x86_64, r-release-windows-ix86+x86_64