CRAN Package Check Results for Package pathlit

Last updated on 2021-12-05 19:49:32 CET.

Flavor Version Tinstall Tcheck Ttotal Status Flags
r-devel-linux-x86_64-debian-clang 0.1.0 5.35 49.72 55.07 OK
r-devel-linux-x86_64-debian-gcc 0.1.0 3.33 39.67 43.00 OK
r-devel-linux-x86_64-fedora-clang 0.1.0 68.12 NOTE
r-devel-linux-x86_64-fedora-gcc 0.1.0 57.97 NOTE
r-devel-windows-x86_64-new-UL 0.1.0 11.00 80.00 91.00 OK
r-devel-windows-x86_64-new-TK 0.1.0 NOTE
r-devel-windows-x86_64-old 0.1.0 9.00 45.00 54.00 OK
r-patched-linux-x86_64 0.1.0 5.04 41.62 46.66 OK
r-release-linux-x86_64 0.1.0 4.29 49.07 53.36 OK
r-release-macos-arm64 0.1.0 NOTE
r-release-macos-x86_64 0.1.0 NOTE
r-release-windows-ix86+x86_64 0.1.0 12.00 64.00 76.00 OK
r-oldrel-macos-x86_64 0.1.0 NOTE
r-oldrel-windows-ix86+x86_64 0.1.0 12.00 61.00 73.00 OK

Check Details

Version: 0.1.0
Check: dependencies in R code
Result: NOTE
    Namespaces in Imports field not imported from:
     ‘testthat’ ‘usethis’ ‘utils’
     All declared Imports should be used.
Flavors: r-devel-linux-x86_64-fedora-clang, r-devel-linux-x86_64-fedora-gcc, r-devel-windows-x86_64-new-TK, r-release-macos-arm64, r-release-macos-x86_64, r-oldrel-macos-x86_64