Last updated on 2023-09-23 21:52:52 CEST.
Flavor | Version | Tinstall | Tcheck | Ttotal | Status | Flags |
---|---|---|---|---|---|---|
r-devel-linux-x86_64-debian-clang | 1.2.2 | 4.70 | 41.83 | 46.53 | NOTE | |
r-devel-linux-x86_64-debian-gcc | 1.2.2 | 3.00 | 31.75 | 34.75 | NOTE | |
r-devel-linux-x86_64-fedora-clang | 1.2.2 | 56.76 | NOTE | |||
r-devel-linux-x86_64-fedora-gcc | 1.2.2 | 54.80 | NOTE | |||
r-devel-windows-x86_64 | 1.2.2 | 4.00 | 60.00 | 64.00 | NOTE | |
r-patched-linux-x86_64 | 1.2.2 | 5.36 | 40.41 | 45.77 | OK | |
r-release-linux-x86_64 | 1.2.2 | 4.15 | 40.36 | 44.51 | OK | |
r-release-macos-arm64 | 1.2.2 | 21.00 | OK | |||
r-release-macos-x86_64 | 1.2.2 | 31.00 | OK | |||
r-release-windows-x86_64 | 1.2.2 | 4.00 | 69.00 | 73.00 | OK | |
r-oldrel-macos-arm64 | 1.2.2 | 22.00 | OK | |||
r-oldrel-macos-x86_64 | 1.2.2 | 29.00 | OK | |||
r-oldrel-windows-x86_64 | 1.2.2 | 9.00 | 68.00 | 77.00 | OK |
Version: 1.2.2
Check: Rd contents
Result: NOTE
Argument items with no description in Rd object 'markbouts.acclist':
‘extreme’
Flavors: r-devel-linux-x86_64-debian-clang, r-devel-linux-x86_64-debian-gcc, r-devel-linux-x86_64-fedora-clang, r-devel-linux-x86_64-fedora-gcc, r-devel-windows-x86_64