CRAN Package Check Results for Package pdc

Last updated on 2023-09-23 21:52:52 CEST.

Flavor Version Tinstall Tcheck Ttotal Status Flags
r-devel-linux-x86_64-debian-clang 1.0.3 11.61 30.27 41.88 OK
r-devel-linux-x86_64-debian-gcc 1.0.3 12.69 23.47 36.16 OK
r-devel-linux-x86_64-fedora-clang 1.0.3 52.13 NOTE
r-devel-linux-x86_64-fedora-gcc 1.0.3 59.91 NOTE
r-devel-windows-x86_64 1.0.3 13.00 49.00 62.00 OK
r-patched-linux-x86_64 1.0.3 15.85 29.22 45.07 OK
r-release-linux-x86_64 1.0.3 15.55 29.41 44.96 OK
r-release-macos-arm64 1.0.3 62.00 OK
r-release-macos-x86_64 1.0.3 33.00 OK
r-release-windows-x86_64 1.0.3 17.00 49.00 66.00 OK
r-oldrel-macos-arm64 1.0.3 59.00 OK
r-oldrel-macos-x86_64 1.0.3 34.00 OK
r-oldrel-windows-x86_64 1.0.3 21.00 53.00 74.00 OK

Check Details

Version: 1.0.3
Check: compiled code
Result: NOTE
    File ‘pdc/libs/pdc.so’:
     Found no calls to: ‘R_registerRoutines’, ‘R_useDynamicSymbols’
    
    It is good practice to register native routines and to disable symbol
    search.
    
    See ‘Writing portable packages’ in the ‘Writing R Extensions’ manual.
Flavors: r-devel-linux-x86_64-fedora-clang, r-devel-linux-x86_64-fedora-gcc