CRAN Package Check Results for Package pdfminer

Last updated on 2025-01-17 21:49:41 CET.

Flavor Version Tinstall Tcheck Ttotal Status Flags
r-devel-linux-x86_64-debian-clang 1.0 1.51 21.64 23.15 OK
r-devel-linux-x86_64-debian-gcc 1.0 1.59 18.24 19.83 OK
r-devel-linux-x86_64-fedora-clang 1.0 39.39 OK
r-devel-linux-x86_64-fedora-gcc 1.0 41.75 OK
r-devel-windows-x86_64 1.0 3.00 50.00 53.00 OK
r-patched-linux-x86_64 1.0 1.62 20.61 22.23 NOTE
r-release-linux-x86_64 1.0 1.80 20.73 22.53 NOTE
r-release-macos-arm64 1.0 17.00 NOTE
r-release-macos-x86_64 1.0 24.00 NOTE
r-release-windows-x86_64 1.0 5.00 52.00 57.00 NOTE
r-oldrel-macos-arm64 1.0 18.00 NOTE
r-oldrel-macos-x86_64 1.0 23.00 NOTE
r-oldrel-windows-x86_64 1.0 3.00 48.00 51.00 NOTE

Check Details

Version: 1.0
Check: package dependencies
Result: NOTE Package suggested but not available for checking: ‘PythonInR’ Flavors: r-patched-linux-x86_64, r-release-linux-x86_64, r-release-macos-arm64, r-release-macos-x86_64, r-release-windows-x86_64, r-oldrel-macos-arm64, r-oldrel-macos-x86_64, r-oldrel-windows-x86_64