CRAN Package Check Results for Package pdi

Last updated on 2024-03-02 19:50:25 CET.

Flavor Version Tinstall Tcheck Ttotal Status Flags
r-devel-linux-x86_64-debian-clang 0.4.2 6.15 136.63 142.78 NOTE
r-devel-linux-x86_64-debian-gcc 0.4.2 4.10 98.83 102.93 NOTE
r-devel-linux-x86_64-fedora-clang 0.4.2 170.07 NOTE
r-devel-linux-x86_64-fedora-gcc 0.4.2 174.33 NOTE
r-devel-windows-x86_64 0.4.2 6.00 113.00 119.00 NOTE
r-patched-linux-x86_64 0.4.2 4.10 131.35 135.45 NOTE
r-release-linux-x86_64 0.4.2 3.47 129.61 133.08 NOTE
r-release-macos-arm64 0.4.2 57.00 NOTE
r-release-macos-x86_64 0.4.2 100.00 NOTE
r-release-windows-x86_64 0.4.2 9.00 144.00 153.00 NOTE
r-oldrel-macos-arm64 0.4.2 34.00 NOTE
r-oldrel-windows-x86_64 0.4.2 7.00 152.00 159.00 NOTE

Check Details

Version: 0.4.2
Check: LazyData
Result: NOTE 'LazyData' is specified without a 'data' directory Flavors: r-devel-linux-x86_64-debian-clang, r-devel-linux-x86_64-debian-gcc, r-devel-linux-x86_64-fedora-clang, r-devel-linux-x86_64-fedora-gcc, r-devel-windows-x86_64, r-patched-linux-x86_64, r-release-linux-x86_64, r-release-macos-arm64, r-release-macos-x86_64, r-release-windows-x86_64, r-oldrel-macos-arm64, r-oldrel-windows-x86_64