Last updated on 2022-05-23 21:53:19 CEST.
Flavor | Version | Tinstall | Tcheck | Ttotal | Status | Flags |
---|---|---|---|---|---|---|
r-devel-linux-x86_64-debian-clang | 0.8.0 | 8.62 | 360.07 | 368.69 | OK | |
r-devel-linux-x86_64-debian-gcc | 0.8.0 | 6.08 | 294.82 | 300.90 | OK | |
r-devel-linux-x86_64-fedora-clang | 0.8.0 | 395.60 | NOTE | |||
r-devel-linux-x86_64-fedora-gcc | 0.8.0 | 445.19 | OK | |||
r-devel-windows-x86_64 | 0.8.0 | 93.00 | 469.00 | 562.00 | OK | |
r-patched-linux-x86_64 | 0.8.0 | 8.18 | 337.46 | 345.64 | OK | |
r-release-linux-x86_64 | 0.8.0 | OK | ||||
r-release-macos-arm64 | 0.8.0 | 172.00 | OK | |||
r-release-macos-x86_64 | 0.8.0 | 225.00 | OK | |||
r-release-windows-x86_64 | 0.8.0 | 93.00 | 476.00 | 569.00 | OK | |
r-oldrel-macos-arm64 | 0.8.0 | 169.00 | OK | |||
r-oldrel-macos-x86_64 | 0.8.0 | 229.00 | OK | |||
r-oldrel-windows-ix86+x86_64 | 0.8.0 | 23.00 | 896.00 | 919.00 | OK |
Version: 0.8.0
Check: Rd cross-references
Result: NOTE
Undeclared packages ‘plotmo’, ‘plyr’ in Rd xrefs
Flavor: r-devel-linux-x86_64-fedora-clang