Last updated on 2023-02-03 19:52:13 CET.
Flavor | Version | Tinstall | Tcheck | Ttotal | Status | Flags |
---|---|---|---|---|---|---|
r-devel-linux-x86_64-debian-clang | 1.0.0 | 48.11 | 1132.74 | 1180.85 | OK | |
r-devel-linux-x86_64-debian-gcc | 1.0.0 | 39.66 | 812.26 | 851.92 | OK | |
r-devel-linux-x86_64-fedora-clang | 1.0.0 | 1214.04 | NOTE | |||
r-devel-linux-x86_64-fedora-gcc | 1.0.0 | 1483.70 | NOTE | |||
r-devel-windows-x86_64 | 1.0.0 | 150.00 | 1332.00 | 1482.00 | OK | |
r-patched-linux-x86_64 | 1.0.0 | 48.22 | 1076.01 | 1124.23 | OK | |
r-release-linux-x86_64 | 1.0.0 | 45.25 | 1090.83 | 1136.08 | OK | |
r-release-macos-arm64 | 1.0.0 | 202.00 | NOTE | |||
r-release-macos-x86_64 | 1.0.0 | 302.00 | NOTE | |||
r-release-windows-x86_64 | 1.0.0 | 178.00 | 633.00 | 811.00 | OK | |
r-oldrel-macos-arm64 | 1.0.0 | 123.00 | NOTE | |||
r-oldrel-macos-x86_64 | 1.0.0 | 237.00 | NOTE | |||
r-oldrel-windows-ix86+x86_64 | 1.0.0 | 83.00 | 1438.00 | 1521.00 | OK |
Version: 1.0.0
Check: dependencies in R code
Result: NOTE
Namespace in Imports field not imported from: ‘lifecycle’
All declared Imports should be used.
Flavors: r-devel-linux-x86_64-fedora-clang, r-devel-linux-x86_64-fedora-gcc, r-release-macos-arm64, r-release-macos-x86_64, r-oldrel-macos-arm64, r-oldrel-macos-x86_64