CRAN Package Check Results for Package pecora

Last updated on 2024-03-03 19:56:30 CET.

Flavor Version Tinstall Tcheck Ttotal Status Flags
r-devel-linux-x86_64-debian-clang 0.1.1 44.57 29.39 73.96 OK
r-devel-linux-x86_64-debian-gcc 0.1.1 35.05 22.74 57.79 OK
r-devel-linux-x86_64-fedora-clang 0.1.1 117.47 OK
r-devel-linux-x86_64-fedora-gcc 0.1.1 106.29 OK
r-devel-windows-x86_64 0.1.1 35.00 65.00 100.00 NOTE
r-patched-linux-x86_64 0.1.1 43.61 28.97 72.58 OK
r-release-linux-x86_64 0.1.1 44.59 28.79 73.38 OK
r-release-macos-arm64 0.1.1 32.00 OK
r-release-macos-x86_64 0.1.1 53.00 OK
r-release-windows-x86_64 0.1.1 33.00 71.00 104.00 NOTE
r-oldrel-macos-arm64 0.1.1 28.00 OK
r-oldrel-windows-x86_64 0.1.1 43.00 70.00 113.00 OK

Check Details

Version: 0.1.1
Check: C++ specification
Result: NOTE Specified C++11: please drop specification unless essential Flavors: r-devel-windows-x86_64, r-release-windows-x86_64