Last updated on 2023-09-21 21:52:32 CEST.
Flavor | Version | Tinstall | Tcheck | Ttotal | Status | Flags |
---|---|---|---|---|---|---|
r-devel-linux-x86_64-debian-clang | 0.2.4 | 182.66 | 96.93 | 279.59 | OK | |
r-devel-linux-x86_64-debian-gcc | 0.2.4 | 129.52 | 73.10 | 202.62 | OK | |
r-devel-linux-x86_64-fedora-clang | 0.2.4 | 390.38 | NOTE | |||
r-devel-linux-x86_64-fedora-gcc | 0.2.4 | 422.60 | OK | |||
r-devel-windows-x86_64 | 0.2.4 | 131.00 | 140.00 | 271.00 | NOTE | |
r-patched-linux-x86_64 | 0.2.4 | 132.12 | 100.13 | 232.25 | OK | |
r-release-linux-x86_64 | 0.2.4 | 134.06 | 98.66 | 232.72 | OK | |
r-release-macos-arm64 | 0.2.4 | 119.00 | NOTE | |||
r-release-macos-x86_64 | 0.2.4 | 171.00 | NOTE | |||
r-release-windows-x86_64 | 0.2.4 | 176.00 | 166.00 | 342.00 | NOTE | |
r-oldrel-macos-arm64 | 0.2.4 | 99.00 | NOTE | |||
r-oldrel-macos-x86_64 | 0.2.4 | 117.00 | NOTE | |||
r-oldrel-windows-x86_64 | 0.2.4 | 169.00 | 162.00 | 331.00 | NOTE |
Version: 0.2.4
Check: installed package size
Result: NOTE
installed size is 6.0Mb
sub-directories of 1Mb or more:
doc 4.0Mb
libs 1.7Mb
Flavors: r-devel-linux-x86_64-fedora-clang, r-devel-windows-x86_64, r-release-macos-arm64, r-release-macos-x86_64, r-release-windows-x86_64, r-oldrel-macos-arm64, r-oldrel-macos-x86_64, r-oldrel-windows-x86_64