CRAN Package Check Results for Package penPHcure

Last updated on 2024-02-21 19:53:22 CET.

Flavor Version Tinstall Tcheck Ttotal Status Flags
r-devel-linux-x86_64-debian-clang 1.0.2 NOTE
r-devel-linux-x86_64-debian-gcc 1.0.2 138.93 76.08 215.01 NOTE
r-devel-linux-x86_64-fedora-clang 1.0.2 389.00 NOTE
r-devel-linux-x86_64-fedora-gcc 1.0.2 378.50 NOTE
r-devel-windows-x86_64 1.0.2 132.00 105.00 237.00 NOTE
r-patched-linux-x86_64 1.0.2 193.48 93.44 286.92 NOTE
r-release-linux-x86_64 1.0.2 169.11 91.12 260.23 NOTE
r-release-macos-arm64 1.0.2 91.00 NOTE
r-release-macos-x86_64 1.0.2 151.00 NOTE
r-release-windows-x86_64 1.0.2 166.00 120.00 286.00 NOTE
r-oldrel-macos-arm64 1.0.2 80.00 NOTE
r-oldrel-windows-x86_64 1.0.2 162.00 113.00 275.00 OK

Check Details

Version: 1.0.2
Check: C++ specification
Result: NOTE Specified C++11: please drop specification unless essential Flavors: r-devel-linux-x86_64-debian-clang, r-devel-linux-x86_64-debian-gcc, r-devel-linux-x86_64-fedora-clang, r-devel-linux-x86_64-fedora-gcc, r-devel-windows-x86_64, r-patched-linux-x86_64, r-release-linux-x86_64, r-release-macos-arm64, r-release-macos-x86_64, r-release-windows-x86_64

Version: 1.0.2
Check: installed package size
Result: NOTE installed size is 6.3Mb sub-directories of 1Mb or more: libs 6.1Mb Flavors: r-release-macos-arm64, r-release-macos-x86_64, r-oldrel-macos-arm64