CRAN Package Check Results for Package penalizedclr

Last updated on 2021-12-01 19:51:44 CET.

Flavor Version Tinstall Tcheck Ttotal Status Flags
r-devel-linux-x86_64-debian-clang 0.1.0 6.24 121.77 128.01 OK
r-devel-linux-x86_64-debian-gcc 0.1.0 5.04 84.53 89.57 OK
r-devel-linux-x86_64-fedora-clang 0.1.0 166.49 NOTE
r-devel-linux-x86_64-fedora-gcc 0.1.0 157.30 NOTE
r-devel-windows-x86_64-new-UL 0.1.0 15.00 269.00 284.00 OK
r-devel-windows-x86_64-new-TK 0.1.0 NOTE
r-devel-windows-x86_64-old 0.1.0 16.00 234.00 250.00 OK
r-patched-linux-x86_64 0.1.0 7.77 119.81 127.58 OK
r-patched-solaris-x86 0.1.0 142.00 NOTE
r-release-linux-x86_64 0.1.0 6.43 119.81 126.24 OK
r-release-macos-arm64 0.1.0 NOTE
r-release-macos-x86_64 0.1.0 NOTE
r-release-windows-ix86+x86_64 0.1.0 18.00 226.00 244.00 OK
r-oldrel-macos-x86_64 0.1.0 NOTE
r-oldrel-windows-ix86+x86_64 0.1.0 14.00 302.00 316.00 OK

Check Details

Version: 0.1.0
Check: dependencies in R code
Result: NOTE
    Namespace in Imports field not imported from: ‘tidyverse’
     All declared Imports should be used.
Flavors: r-devel-linux-x86_64-fedora-clang, r-devel-linux-x86_64-fedora-gcc, r-devel-windows-x86_64-new-TK, r-patched-solaris-x86, r-release-macos-arm64, r-release-macos-x86_64, r-oldrel-macos-x86_64