CRAN Package Check Results for Package pense

Last updated on 2024-02-22 19:55:40 CET.

Flavor Version Tinstall Tcheck Ttotal Status Flags
r-devel-linux-x86_64-debian-clang 2.2.0 OK
r-devel-linux-x86_64-debian-gcc 2.2.0 421.42 111.35 532.77 OK
r-devel-linux-x86_64-fedora-clang 2.2.0 832.92 NOTE
r-devel-linux-x86_64-fedora-gcc 2.2.0 1003.59 OK
r-devel-windows-x86_64 2.2.0 345.00 160.00 505.00 OK
r-patched-linux-x86_64 2.2.0 504.10 146.62 650.72 OK
r-release-linux-x86_64 2.2.0 487.39 147.07 634.46 OK
r-release-macos-arm64 2.2.0 248.00 NOTE
r-release-macos-x86_64 2.2.0 407.00 NOTE
r-release-windows-x86_64 2.2.0 440.00 195.00 635.00 OK
r-oldrel-macos-arm64 2.2.0 218.00 NOTE
r-oldrel-windows-x86_64 2.2.0 407.00 184.00 591.00 OK

Check Details

Version: 2.2.0
Check: installed package size
Result: NOTE installed size is 5.4Mb sub-directories of 1Mb or more: libs 4.2Mb Flavors: r-devel-linux-x86_64-fedora-clang, r-release-macos-arm64, r-release-macos-x86_64, r-oldrel-macos-arm64