CRAN Package Check Results for Package permGS

Last updated on 2022-05-28 21:50:47 CEST.

Flavor Version Tinstall Tcheck Ttotal Status Flags
r-devel-linux-x86_64-debian-clang 0.2.5 9.93 96.24 106.17 NOTE
r-devel-linux-x86_64-debian-gcc 0.2.5 7.97 72.94 80.91 NOTE
r-devel-linux-x86_64-fedora-clang 0.2.5 124.17 NOTE
r-devel-linux-x86_64-fedora-gcc 0.2.5 114.10 NOTE
r-devel-windows-x86_64 0.2.5 21.00 109.00 130.00 NOTE
r-patched-linux-x86_64 0.2.5 7.27 91.73 99.00 NOTE
r-release-linux-x86_64 0.2.5 7.33 93.04 100.37 NOTE
r-release-macos-arm64 0.2.5 36.00 NOTE
r-release-macos-x86_64 0.2.5 65.00 NOTE
r-release-windows-x86_64 0.2.5 19.00 109.00 128.00 NOTE
r-oldrel-macos-arm64 0.2.5 40.00 NOTE
r-oldrel-macos-x86_64 0.2.5 66.00 NOTE
r-oldrel-windows-ix86+x86_64 0.2.5 20.00 106.00 126.00 NOTE

Check Details

Version: 0.2.5
Check: LazyData
Result: NOTE
     'LazyData' is specified without a 'data' directory
Flavors: r-devel-linux-x86_64-debian-clang, r-devel-linux-x86_64-debian-gcc, r-devel-linux-x86_64-fedora-clang, r-devel-linux-x86_64-fedora-gcc, r-devel-windows-x86_64, r-patched-linux-x86_64, r-release-linux-x86_64, r-release-macos-arm64, r-release-macos-x86_64, r-release-windows-x86_64, r-oldrel-macos-arm64, r-oldrel-macos-x86_64, r-oldrel-windows-ix86+x86_64