CRAN Package Check Results for Package permPATH

Last updated on 2024-07-13 21:44:47 CEST.

Flavor Version Tinstall Tcheck Ttotal Status Flags
r-devel-linux-x86_64-debian-clang 1.3 6.65 91.02 97.67 OK
r-devel-linux-x86_64-debian-gcc 1.3 5.36 74.85 80.21 OK
r-devel-linux-x86_64-fedora-clang 1.3 124.13 OK
r-devel-linux-x86_64-fedora-gcc 1.3 143.47 OK
r-devel-windows-x86_64 1.3 8.00 115.00 123.00 OK
r-patched-linux-x86_64 1.3 6.44 92.17 98.61 OK
r-release-linux-x86_64 1.3 6.24 92.16 98.40 OK
r-release-macos-arm64 1.3 54.00 OK
r-release-macos-x86_64 1.3 67.00 WARN
r-release-windows-x86_64 1.3 9.00 116.00 125.00 OK
r-oldrel-macos-arm64 1.3 74.00 OK
r-oldrel-macos-x86_64 1.3 129.00 OK
r-oldrel-windows-x86_64 1.3 10.00 124.00 134.00 OK

Check Details

Version: 1.3
Check: re-building of vignette outputs
Result: WARN Error(s) in re-building vignettes: ... --- re-building ‘permPATHmanual.Rnw’ using knitr Error: processing vignette 'permPATHmanual.Rnw' failed with diagnostics: Running 'texi2dvi' on 'permPATHmanual.tex' failed. LaTeX errors: ! Undefined control sequence. l.115 \hlkwd{set.seed}\hldef {(}\hlnum{1234}\hldef{)} ? ! Emergency stop. ! Emergency stop. l.115 End of file on the terminal! ! ==> Fatal error occurred, no output PDF file produced! --- failed re-building ‘permPATHmanual.Rnw’ SUMMARY: processing the following file failed: ‘permPATHmanual.Rnw’ Error: Vignette re-building failed. Execution halted Flavor: r-release-macos-x86_64