CRAN Package Check Results for Package perms

Last updated on 2024-02-22 19:55:40 CET.

Flavor Version Tinstall Tcheck Ttotal Status Flags
r-devel-linux-x86_64-debian-clang 1.13 OK
r-devel-linux-x86_64-debian-gcc 1.13 5.53 23.08 28.61 OK
r-devel-linux-x86_64-fedora-clang 1.13 47.23 NOTE
r-devel-linux-x86_64-fedora-gcc 1.13 47.90 NOTE
r-devel-windows-x86_64 1.13 11.00 54.00 65.00 OK
r-patched-linux-x86_64 1.13 8.97 31.45 40.42 OK
r-release-linux-x86_64 1.13 6.35 30.91 37.26 OK
r-release-macos-arm64 1.13 22.00 OK
r-release-macos-x86_64 1.13 37.00 OK
r-release-windows-x86_64 1.13 13.00 59.00 72.00 OK
r-oldrel-macos-arm64 1.13 24.00 OK
r-oldrel-windows-x86_64 1.13 13.00 54.00 67.00 OK

Check Details

Version: 1.13
Check: dependencies in R code
Result: NOTE Namespaces in Imports field not imported from: ‘MASS’ ‘Rdpack’ ‘mclust’ All declared Imports should be used. Flavors: r-devel-linux-x86_64-fedora-clang, r-devel-linux-x86_64-fedora-gcc