CRAN Package Check Results for Package peruse

Last updated on 2023-01-29 19:54:12 CET.

Flavor Version Tinstall Tcheck Ttotal Status Flags
r-devel-linux-x86_64-debian-clang 0.3.1 2.49 31.19 33.68 NOTE
r-devel-linux-x86_64-debian-gcc 0.3.1 2.02 24.73 26.75 NOTE
r-devel-linux-x86_64-fedora-clang 0.3.1 42.47 NOTE
r-devel-linux-x86_64-fedora-gcc 0.3.1 43.16 NOTE
r-devel-windows-x86_64 0.3.1 20.00 66.00 86.00 NOTE
r-patched-linux-x86_64 0.3.1 2.52 31.37 33.89 NOTE
r-release-linux-x86_64 0.3.1 2.48 31.34 33.82 NOTE
r-release-macos-arm64 0.3.1 19.00 NOTE
r-release-macos-x86_64 0.3.1 24.00 NOTE
r-release-windows-x86_64 0.3.1 17.00 59.00 76.00 NOTE
r-oldrel-macos-arm64 0.3.1 19.00 NOTE
r-oldrel-macos-x86_64 0.3.1 29.00 NOTE
r-oldrel-windows-ix86+x86_64 0.3.1 7.00 60.00 67.00 NOTE

Check Details

Version: 0.3.1
Check: LazyData
Result: NOTE
     'LazyData' is specified without a 'data' directory
Flavors: r-devel-linux-x86_64-debian-clang, r-devel-linux-x86_64-debian-gcc, r-devel-linux-x86_64-fedora-clang, r-devel-linux-x86_64-fedora-gcc, r-devel-windows-x86_64, r-patched-linux-x86_64, r-release-linux-x86_64, r-release-macos-arm64, r-release-macos-x86_64, r-release-windows-x86_64, r-oldrel-macos-arm64, r-oldrel-macos-x86_64, r-oldrel-windows-ix86+x86_64