CRAN Package Check Results for Package pgee.mixed

Last updated on 2024-03-03 19:56:30 CET.

Flavor Version Tinstall Tcheck Ttotal Status Flags
r-devel-linux-x86_64-debian-clang 0.1.0 41.80 39.07 80.87 NOTE
r-devel-linux-x86_64-debian-gcc 0.1.0 29.61 29.46 59.07 NOTE
r-devel-linux-x86_64-fedora-clang 0.1.0 108.96 NOTE
r-devel-linux-x86_64-fedora-gcc 0.1.0 109.44 NOTE
r-devel-windows-x86_64 0.1.0 34.00 67.00 101.00 NOTE
r-patched-linux-x86_64 0.1.0 35.76 37.43 73.19 NOTE
r-release-linux-x86_64 0.1.0 40.50 38.14 78.64 NOTE
r-release-macos-arm64 0.1.0 38.00 NOTE
r-release-macos-x86_64 0.1.0 51.00 NOTE
r-release-windows-x86_64 0.1.0 42.00 80.00 122.00 NOTE
r-oldrel-macos-arm64 0.1.0 33.00 NOTE
r-oldrel-windows-x86_64 0.1.0 38.00 77.00 115.00 NOTE

Check Details

Version: 0.1.0
Check: LazyData
Result: NOTE 'LazyData' is specified without a 'data' directory Flavors: r-devel-linux-x86_64-debian-clang, r-devel-linux-x86_64-debian-gcc, r-devel-linux-x86_64-fedora-clang, r-devel-linux-x86_64-fedora-gcc, r-devel-windows-x86_64, r-patched-linux-x86_64, r-release-linux-x86_64, r-release-macos-arm64, r-release-macos-x86_64, r-release-windows-x86_64, r-oldrel-macos-arm64, r-oldrel-windows-x86_64

Version: 0.1.0
Check: compiled code
Result: NOTE File ‘pgee.mixed/libs/pgee.mixed.so’: Found no calls to: ‘R_registerRoutines’, ‘R_useDynamicSymbols’ It is good practice to register native routines and to disable symbol search. See ‘Writing portable packages’ in the ‘Writing R Extensions’ manual. Flavors: r-devel-linux-x86_64-fedora-clang, r-devel-linux-x86_64-fedora-gcc