CRAN Package Check Results for Package phangorn

Last updated on 2021-05-06 21:49:39 CEST.

Flavor Version Tinstall Tcheck Ttotal Status Flags
r-devel-linux-x86_64-debian-clang 2.7.0 68.78 274.89 343.67 OK
r-devel-linux-x86_64-debian-gcc 2.7.0 48.72 197.14 245.86 OK
r-devel-linux-x86_64-fedora-clang 2.7.0 447.29 NOTE
r-devel-linux-x86_64-fedora-gcc 2.7.0 434.91 OK
r-devel-windows-ix86+x86_64 2.6.3 109.00 380.00 489.00 NOTE
r-devel-windows-x86_64-gcc10-UCRT 2.7.0 NOTE
r-patched-linux-x86_64 2.6.3 57.12 261.29 318.41 OK
r-patched-solaris-x86 2.7.0 483.10 NOTE
r-release-linux-x86_64 2.7.0 55.16 254.73 309.89 OK
r-release-macos-x86_64 2.7.0 NOTE
r-release-windows-ix86+x86_64 2.6.3 97.00 291.00 388.00 NOTE
r-oldrel-macos-x86_64 2.7.0 NOTE
r-oldrel-windows-ix86+x86_64 2.6.3 136.00 362.00 498.00 NOTE

Check Details

Version: 2.7.0
Check: installed package size
Result: NOTE
     installed size is 7.3Mb
     sub-directories of 1Mb or more:
     doc 1.5Mb
     libs 3.4Mb
Flavors: r-devel-linux-x86_64-fedora-clang, r-patched-solaris-x86, r-release-macos-x86_64, r-oldrel-macos-x86_64

Version: 2.6.3
Check: installed package size
Result: NOTE
     installed size is 6.3Mb
     sub-directories of 1Mb or more:
     doc 1.5Mb
     libs 2.5Mb
Flavors: r-devel-windows-ix86+x86_64, r-release-windows-ix86+x86_64, r-oldrel-windows-ix86+x86_64

Version: 2.7.0
Check: package dependencies
Result: NOTE
    Packages suggested but not available for checking: 'magick', 'seqLogo'
Flavor: r-devel-windows-x86_64-gcc10-UCRT

Version: 2.7.0
Check: package dependencies
Result: NOTE
    Package suggested but not available for checking: ‘seqLogo’
Flavor: r-release-macos-x86_64