Last updated on 2021-01-23 19:47:43 CET.
Flavor | Version | Tinstall | Tcheck | Ttotal | Status | Flags |
---|---|---|---|---|---|---|
r-devel-linux-x86_64-debian-clang | 1.1.4 | 3.49 | 162.51 | 166.00 | OK | |
r-devel-linux-x86_64-debian-gcc | 1.1.4 | 3.20 | 123.16 | 126.36 | OK | |
r-devel-linux-x86_64-fedora-clang | 1.1.4 | 201.51 | NOTE | |||
r-devel-linux-x86_64-fedora-gcc | 1.1.4 | 194.00 | NOTE | |||
r-devel-windows-ix86+x86_64 | 1.1.4 | 9.00 | 169.00 | 178.00 | OK | |
r-patched-linux-x86_64 | 1.1.4 | 3.25 | 162.66 | 165.91 | OK | |
r-patched-solaris-x86 | 1.1.4 | 281.30 | NOTE | |||
r-release-linux-x86_64 | 1.1.4 | 3.47 | 163.12 | 166.59 | OK | |
r-release-macos-x86_64 | 1.1.4 | NOTE | ||||
r-release-windows-ix86+x86_64 | 1.1.4 | 18.00 | 218.00 | 236.00 | OK | |
r-oldrel-macos-x86_64 | 1.1.4 | NOTE | ||||
r-oldrel-windows-ix86+x86_64 | 1.1.4 | 5.00 | 219.00 | 224.00 | OK |
Version: 1.1.4
Check: dependencies in R code
Result: NOTE
Namespaces in Imports field not imported from:
‘jsonlite’ ‘memoise’
All declared Imports should be used.
Flavors: r-devel-linux-x86_64-fedora-clang, r-devel-linux-x86_64-fedora-gcc, r-patched-solaris-x86, r-release-macos-x86_64, r-oldrel-macos-x86_64