CRAN Package Check Results for Package phonTools

Last updated on 2022-01-25 19:50:41 CET.

Flavor Version Tinstall Tcheck Ttotal Status Flags
r-devel-linux-x86_64-debian-clang 0.2-2.1 5.55 70.89 76.44 NOTE
r-devel-linux-x86_64-debian-gcc 0.2-2.1 5.81 55.67 61.48 NOTE
r-devel-linux-x86_64-fedora-clang 0.2-2.1 95.45 NOTE
r-devel-linux-x86_64-fedora-gcc 0.2-2.1 86.54 NOTE
r-devel-windows-x86_64-new-UL 0.2-2.1 82.00 112.00 194.00 OK
r-devel-windows-x86_64-new-TK 0.2-2.1 OK
r-patched-linux-x86_64 0.2-2.1 7.09 69.51 76.60 NOTE
r-release-linux-x86_64 0.2-2.1 5.15 70.30 75.45 NOTE
r-release-macos-arm64 0.2-2.1 OK
r-release-macos-x86_64 0.2-2.1 OK
r-release-windows-ix86+x86_64 0.2-2.1 13.00 64.00 77.00 OK
r-oldrel-macos-x86_64 0.2-2.1 OK
r-oldrel-windows-ix86+x86_64 0.2-2.1 10.00 61.00 71.00 OK

Check Details

Version: 0.2-2.1
Check: for non-standard things in the check directory
Result: NOTE
    Found the following files/directories:
     '1khz.wav' 'snd.wav'
Flavors: r-devel-linux-x86_64-debian-clang, r-devel-linux-x86_64-debian-gcc, r-devel-linux-x86_64-fedora-clang, r-devel-linux-x86_64-fedora-gcc, r-patched-linux-x86_64, r-release-linux-x86_64