CRAN Package Check Results for Package phylogram

Last updated on 2022-05-27 21:51:29 CEST.

Flavor Version Tinstall Tcheck Ttotal Status Flags
r-devel-linux-x86_64-debian-clang 2.1.0 4.04 54.03 58.07 NOTE
r-devel-linux-x86_64-debian-gcc 2.1.0 2.81 41.01 43.82 NOTE
r-devel-linux-x86_64-fedora-clang 2.1.0 68.98 NOTE
r-devel-linux-x86_64-fedora-gcc 2.1.0 57.45 NOTE
r-devel-windows-x86_64 2.1.0 32.00 73.00 105.00 NOTE
r-patched-linux-x86_64 2.1.0 4.23 50.81 55.04 NOTE
r-release-linux-x86_64 2.1.0 3.83 51.03 54.86 NOTE
r-release-macos-arm64 2.1.0 23.00 NOTE
r-release-macos-x86_64 2.1.0 33.00 NOTE
r-release-windows-x86_64 2.1.0 24.00 80.00 104.00 NOTE
r-oldrel-macos-arm64 2.1.0 28.00 NOTE
r-oldrel-macos-x86_64 2.1.0 44.00 NOTE
r-oldrel-windows-ix86+x86_64 2.1.0 10.00 67.00 77.00 NOTE

Check Details

Version: 2.1.0
Check: LazyData
Result: NOTE
     'LazyData' is specified without a 'data' directory
Flavors: r-devel-linux-x86_64-debian-clang, r-devel-linux-x86_64-debian-gcc, r-devel-linux-x86_64-fedora-clang, r-devel-linux-x86_64-fedora-gcc, r-devel-windows-x86_64, r-patched-linux-x86_64, r-release-linux-x86_64, r-release-macos-arm64, r-release-macos-x86_64, r-release-windows-x86_64, r-oldrel-macos-arm64, r-oldrel-macos-x86_64, r-oldrel-windows-ix86+x86_64