Last updated on 2022-05-24 21:51:49 CEST.
Flavor | Version | Tinstall | Tcheck | Ttotal | Status | Flags |
---|---|---|---|---|---|---|
r-devel-linux-x86_64-debian-clang | 1.0.6 | 45.79 | 471.45 | 517.24 | OK | |
r-devel-linux-x86_64-debian-gcc | 1.0.6 | 30.99 | 347.91 | 378.90 | OK | |
r-devel-linux-x86_64-fedora-clang | 1.0.6 | 594.16 | NOTE | |||
r-devel-linux-x86_64-fedora-gcc | 1.0.6 | 580.99 | NOTE | |||
r-devel-windows-x86_64 | 1.0.6 | 109.00 | 474.00 | 583.00 | OK | |
r-patched-linux-x86_64 | 1.0.6 | 45.55 | 451.13 | 496.68 | OK | |
r-release-linux-x86_64 | 1.0.6 | OK | ||||
r-release-macos-arm64 | 1.0.6 | 128.00 | NOTE | |||
r-release-macos-x86_64 | 1.0.6 | 197.00 | NOTE | |||
r-release-windows-x86_64 | 1.0.6 | 89.00 | 467.00 | 556.00 | OK | |
r-oldrel-macos-arm64 | 1.0.6 | 105.00 | NOTE | |||
r-oldrel-macos-x86_64 | 1.0.6 | 213.00 | NOTE | |||
r-oldrel-windows-ix86+x86_64 | 1.0.6 | 88.00 | 466.00 | 554.00 | OK |
Version: 1.0.6
Check: dependencies in R code
Result: NOTE
Namespace in Imports field not imported from: ‘rgdal’
All declared Imports should be used.
Flavors: r-devel-linux-x86_64-fedora-clang, r-devel-linux-x86_64-fedora-gcc, r-release-macos-arm64, r-release-macos-x86_64, r-oldrel-macos-arm64, r-oldrel-macos-x86_64
Version: 1.0.6
Check: Rd cross-references
Result: NOTE
Undeclared package ‘picante’ in Rd xrefs
Flavor: r-devel-linux-x86_64-fedora-clang