CRAN Package Check Results for Package pingers

Last updated on 2024-05-18 22:27:47 CEST.

Flavor Version Tinstall Tcheck Ttotal Status Flags
r-devel-linux-x86_64-debian-clang 0.1.1 8.36 67.88 76.24 NOTE
r-devel-linux-x86_64-debian-gcc 0.1.1 7.02 49.88 56.90 NOTE
r-devel-linux-x86_64-fedora-clang 0.1.1 95.58 NOTE
r-devel-linux-x86_64-fedora-gcc 0.1.1 139.51 NOTE
r-devel-windows-x86_64 0.1.1 8.00 65.00 73.00 NOTE
r-patched-linux-x86_64 0.1.1 5.33 63.44 68.77 NOTE
r-release-linux-x86_64 0.1.1 4.92 62.74 67.66 NOTE
r-release-macos-arm64 0.1.1 30.00 NOTE
r-release-windows-x86_64 0.1.1 8.00 65.00 73.00 NOTE
r-oldrel-macos-arm64 0.1.1 29.00 NOTE
r-oldrel-macos-x86_64 0.1.1 41.00 NOTE
r-oldrel-windows-x86_64 0.1.1 10.00 75.00 85.00 NOTE

Check Details

Version: 0.1.1
Check: LazyData
Result: NOTE 'LazyData' is specified without a 'data' directory Flavors: r-devel-linux-x86_64-debian-clang, r-devel-linux-x86_64-debian-gcc, r-devel-linux-x86_64-fedora-clang, r-devel-linux-x86_64-fedora-gcc, r-devel-windows-x86_64, r-patched-linux-x86_64, r-release-linux-x86_64, r-release-macos-arm64, r-release-windows-x86_64, r-oldrel-macos-arm64, r-oldrel-macos-x86_64, r-oldrel-windows-x86_64