CRAN Package Check Results for Package pinnacle.API

Last updated on 2021-12-01 19:51:44 CET.

Flavor Version Tinstall Tcheck Ttotal Status Flags
r-devel-linux-x86_64-debian-clang 2.3.3 3.63 35.51 39.14 NOTE
r-devel-linux-x86_64-debian-gcc 2.3.3 3.09 27.40 30.49 NOTE
r-devel-linux-x86_64-fedora-clang 2.3.3 60.55 NOTE
r-devel-linux-x86_64-fedora-gcc 2.3.3 46.77 NOTE
r-devel-windows-x86_64-new-UL 2.3.3 11.00 76.00 87.00 NOTE
r-devel-windows-x86_64-new-TK 2.3.3 NOTE
r-devel-windows-x86_64-old 2.3.3 7.00 43.00 50.00 NOTE
r-patched-linux-x86_64 2.3.3 3.78 32.92 36.70 NOTE
r-patched-solaris-x86 2.3.3 68.30 NOTE
r-release-linux-x86_64 2.3.3 3.83 33.19 37.02 NOTE
r-release-macos-arm64 2.3.3 NOTE
r-release-macos-x86_64 2.3.3 NOTE
r-release-windows-ix86+x86_64 2.3.3 8.00 41.00 49.00 NOTE
r-oldrel-macos-x86_64 2.3.3 OK
r-oldrel-windows-ix86+x86_64 2.3.3 6.00 45.00 51.00 OK

Check Details

Version: 2.3.3
Check: LazyData
Result: NOTE
     'LazyData' is specified without a 'data' directory
Flavors: r-devel-linux-x86_64-debian-clang, r-devel-linux-x86_64-debian-gcc, r-devel-linux-x86_64-fedora-clang, r-devel-linux-x86_64-fedora-gcc, r-devel-windows-x86_64-new-UL, r-devel-windows-x86_64-new-TK, r-devel-windows-x86_64-old, r-patched-linux-x86_64, r-patched-solaris-x86, r-release-linux-x86_64, r-release-macos-arm64, r-release-macos-x86_64, r-release-windows-ix86+x86_64