CRAN Package Check Results for Package pipefittr

Last updated on 2022-01-23 19:48:38 CET.

Flavor Version Tinstall Tcheck Ttotal Status Flags
r-devel-linux-x86_64-debian-clang 0.1.2 3.87 42.75 46.62 NOTE
r-devel-linux-x86_64-debian-gcc 0.1.2 3.25 36.80 40.05 NOTE
r-devel-linux-x86_64-fedora-clang 0.1.2 57.16 NOTE
r-devel-linux-x86_64-fedora-gcc 0.1.2 45.57 NOTE
r-devel-windows-x86_64-new-UL 0.1.2 18.00 67.00 85.00 NOTE
r-devel-windows-x86_64-new-TK 0.1.2 NOTE
r-patched-linux-x86_64 0.1.2 3.19 41.31 44.50 NOTE
r-release-linux-x86_64 0.1.2 2.88 41.23 44.11 NOTE
r-release-macos-arm64 0.1.2 NOTE
r-release-macos-x86_64 0.1.2 NOTE
r-release-windows-ix86+x86_64 0.1.2 9.00 55.00 64.00 NOTE
r-oldrel-macos-x86_64 0.1.2 OK
r-oldrel-windows-ix86+x86_64 0.1.2 10.00 54.00 64.00 OK

Check Details

Version: 0.1.2
Check: LazyData
Result: NOTE
     'LazyData' is specified without a 'data' directory
Flavors: r-devel-linux-x86_64-debian-clang, r-devel-linux-x86_64-debian-gcc, r-devel-linux-x86_64-fedora-clang, r-devel-linux-x86_64-fedora-gcc, r-devel-windows-x86_64-new-UL, r-devel-windows-x86_64-new-TK, r-patched-linux-x86_64, r-release-linux-x86_64, r-release-macos-arm64, r-release-macos-x86_64, r-release-windows-ix86+x86_64