CRAN Package Check Results for Package pipeliner

Last updated on 2021-12-02 20:51:38 CET.

Flavor Version Tinstall Tcheck Ttotal Status Flags
r-devel-linux-x86_64-debian-clang 0.1.1 2.27 29.14 31.41 NOTE
r-devel-linux-x86_64-debian-gcc 0.1.1 1.41 23.15 24.56 NOTE
r-devel-linux-x86_64-fedora-clang 0.1.1 49.48 NOTE
r-devel-linux-x86_64-fedora-gcc 0.1.1 38.96 NOTE
r-devel-windows-x86_64-new-UL 0.1.1 6.00 70.00 76.00 NOTE
r-devel-windows-x86_64-new-TK 0.1.1 NOTE
r-devel-windows-x86_64-old 0.1.1 4.00 41.00 45.00 NOTE
r-patched-linux-x86_64 0.1.1 1.99 28.03 30.02 NOTE
r-patched-solaris-x86 0.1.1 50.70 NOTE
r-release-linux-x86_64 0.1.1 1.84 28.10 29.94 NOTE
r-release-macos-arm64 0.1.1 NOTE
r-release-macos-x86_64 0.1.1 NOTE
r-release-windows-ix86+x86_64 0.1.1 5.00 55.00 60.00 NOTE
r-oldrel-macos-x86_64 0.1.1 OK
r-oldrel-windows-ix86+x86_64 0.1.1 5.00 47.00 52.00 OK

Check Details

Version: 0.1.1
Check: LazyData
Result: NOTE
     'LazyData' is specified without a 'data' directory
Flavors: r-devel-linux-x86_64-debian-clang, r-devel-linux-x86_64-debian-gcc, r-devel-linux-x86_64-fedora-clang, r-devel-linux-x86_64-fedora-gcc, r-devel-windows-x86_64-new-UL, r-devel-windows-x86_64-new-TK, r-devel-windows-x86_64-old, r-patched-linux-x86_64, r-patched-solaris-x86, r-release-linux-x86_64, r-release-macos-arm64, r-release-macos-x86_64, r-release-windows-ix86+x86_64