CRAN Package Check Results for Package pitchRx

Last updated on 2021-12-04 19:53:05 CET.

Flavor Version Tinstall Tcheck Ttotal Status Flags
r-devel-linux-x86_64-debian-clang 1.8.2 14.22 114.52 128.74 NOTE
r-devel-linux-x86_64-debian-gcc 1.8.2 10.71 88.30 99.01 NOTE
r-devel-linux-x86_64-fedora-clang 1.8.2 157.31 NOTE
r-devel-linux-x86_64-fedora-gcc 1.8.2 141.46 NOTE
r-devel-windows-x86_64-new-UL 1.8.2 23.00 147.00 170.00 NOTE
r-devel-windows-x86_64-new-TK 1.8.2 NOTE
r-devel-windows-x86_64-old 1.8.2 20.00 102.00 122.00 NOTE
r-patched-linux-x86_64 1.8.2 13.63 100.40 114.03 NOTE
r-release-linux-x86_64 1.8.2 12.45 99.38 111.83 NOTE
r-release-macos-arm64 1.8.2 NOTE
r-release-macos-x86_64 1.8.2 NOTE
r-release-windows-ix86+x86_64 1.8.2 29.00 132.00 161.00 NOTE
r-oldrel-macos-x86_64 1.8.2 NOTE
r-oldrel-windows-ix86+x86_64 1.8.2 29.00 129.00 158.00 NOTE

Check Details

Version: 1.8.2
Check: package dependencies
Result: NOTE
    Package suggested but not available for checking: 'ggsubplot'
Flavors: r-devel-linux-x86_64-debian-clang, r-devel-linux-x86_64-debian-gcc, r-devel-linux-x86_64-fedora-clang, r-devel-linux-x86_64-fedora-gcc, r-devel-windows-x86_64-new-UL, r-devel-windows-x86_64-new-TK, r-devel-windows-x86_64-old, r-patched-linux-x86_64, r-release-linux-x86_64, r-release-macos-arm64, r-release-macos-x86_64, r-release-windows-ix86+x86_64, r-oldrel-macos-x86_64, r-oldrel-windows-ix86+x86_64