CRAN Package Check Results for Package piwikproR

Last updated on 2022-09-30 21:49:04 CEST.

Flavor Version Tinstall Tcheck Ttotal Status Flags
r-devel-linux-x86_64-debian-clang 0.4.0 7.13 68.66 75.79 OK
r-devel-linux-x86_64-debian-gcc 0.4.0 5.43 51.00 56.43 OK
r-devel-linux-x86_64-fedora-clang 0.4.0 102.92 OK
r-devel-linux-x86_64-fedora-gcc 0.4.0 95.92 OK
r-devel-windows-x86_64 0.4.0 18.00 97.00 115.00 OK
r-patched-linux-x86_64 0.4.0 5.90 64.02 69.92 OK
r-release-linux-x86_64 0.4.0 6.04 63.55 69.59 OK
r-release-macos-arm64 0.4.0 32.00 OK
r-release-macos-x86_64 0.4.0 41.00 OK
r-release-windows-x86_64 0.4.0 28.00 96.00 124.00 OK
r-oldrel-macos-arm64 0.4.0 33.00 OK
r-oldrel-macos-x86_64 0.4.0 44.00 OK
r-oldrel-windows-ix86+x86_64 0.4.0 16.00 100.00 116.00 WARN

Check Details

Version: 0.4.0
Check: for unstated dependencies in ‘tests’
Result: WARN
    Warning: unable to access index for repository https://bioconductor.org/packages/3.14/bioc/src/contrib:
     cannot open URL 'https://bioconductor.org/packages/3.14/bioc/src/contrib/PACKAGES'
    Warning: unable to access index for repository https://bioconductor.org/packages/3.14/data/annotation/src/contrib:
     cannot open URL 'https://bioconductor.org/packages/3.14/data/annotation/src/contrib/PACKAGES'
    Warning: unable to access index for repository https://bioconductor.org/packages/3.14/data/experiment/src/contrib:
     cannot open URL 'https://bioconductor.org/packages/3.14/data/experiment/src/contrib/PACKAGES'
Flavor: r-oldrel-windows-ix86+x86_64