Last updated on 2023-12-09 19:54:20 CET.
Flavor | Version | Tinstall | Tcheck | Ttotal | Status | Flags |
---|---|---|---|---|---|---|
r-devel-linux-x86_64-debian-clang | 1.1-12 | 10.68 | 36.09 | 46.77 | OK | |
r-devel-linux-x86_64-debian-gcc | 1.1-12 | 6.11 | 27.86 | 33.97 | OK | |
r-devel-linux-x86_64-fedora-clang | 1.1-12 | 58.22 | OK | |||
r-devel-linux-x86_64-fedora-gcc | 1.1-12 | 58.51 | OK | |||
r-devel-windows-x86_64 | 1.1-12 | 12.00 | 53.00 | 65.00 | OK | |
r-patched-linux-x86_64 | 1.1-12 | 9.35 | 35.93 | 45.28 | OK | |
r-release-linux-x86_64 | 1.1-12 | 7.48 | 35.73 | 43.21 | OK | |
r-release-macos-arm64 | 1.1-12 | 23.00 | OK | |||
r-release-macos-x86_64 | 1.1-12 | 31.00 | NOTE | |||
r-release-windows-x86_64 | 1.1-12 | 13.00 | 54.00 | 67.00 | OK | |
r-oldrel-macos-arm64 | 1.1-12 | 22.00 | OK | |||
r-oldrel-macos-x86_64 | 1.1-12 | 28.00 | OK | |||
r-oldrel-windows-x86_64 | 1.1-12 | 14.00 | 57.00 | 71.00 | OK |
Version: 1.1-12
Check: package dependencies
Result: NOTE
Package suggested but not available for checking: ‘ellipse’
Flavor: r-release-macos-x86_64