CRAN Package Check Results for Package plogr

Last updated on 2022-01-25 19:50:41 CET.

Flavor Version Tinstall Tcheck Ttotal Status Flags
r-devel-linux-x86_64-debian-clang 0.2.0 1.54 38.43 39.97 NOTE
r-devel-linux-x86_64-debian-gcc 0.2.0 1.40 28.33 29.73 NOTE
r-devel-linux-x86_64-fedora-clang 0.2.0 51.76 NOTE
r-devel-linux-x86_64-fedora-gcc 0.2.0 37.94 NOTE
r-devel-windows-x86_64-new-UL 0.2.0 33.00 63.00 96.00 NOTE
r-devel-windows-x86_64-new-TK 0.2.0 NOTE
r-patched-linux-x86_64 0.2.0 1.65 35.80 37.45 NOTE
r-release-linux-x86_64 0.2.0 1.58 35.72 37.30 NOTE
r-release-macos-arm64 0.2.0 NOTE
r-release-macos-x86_64 0.2.0 NOTE
r-release-windows-ix86+x86_64 0.2.0 4.00 47.00 51.00 NOTE
r-oldrel-macos-x86_64 0.2.0 OK
r-oldrel-windows-ix86+x86_64 0.2.0 6.00 47.00 53.00 OK

Check Details

Version: 0.2.0
Check: LazyData
Result: NOTE
     'LazyData' is specified without a 'data' directory
Flavors: r-devel-linux-x86_64-debian-clang, r-devel-linux-x86_64-debian-gcc, r-devel-linux-x86_64-fedora-clang, r-devel-linux-x86_64-fedora-gcc, r-devel-windows-x86_64-new-UL, r-devel-windows-x86_64-new-TK, r-patched-linux-x86_64, r-release-linux-x86_64, r-release-macos-arm64, r-release-macos-x86_64, r-release-windows-ix86+x86_64